{"id":284,"date":"2024-10-28T13:05:53","date_gmt":"2024-10-28T11:05:53","guid":{"rendered":"https:\/\/filmfestaachen.com\/?page_id=284"},"modified":"2024-11-09T14:07:31","modified_gmt":"2024-11-09T12:07:31","slug":"pro-choices","status":"publish","type":"page","link":"https:\/\/filmfestaachen.com\/en\/pro-choices\/","title":{"rendered":"Pro Choices"},"content":{"rendered":"<p>Gemeinsam laden euch das <a href=\"https:\/\/www.frauennetzwerk-aachen.de\/\">Frauennetzwerk Aachen<\/a> und das <a href=\"https:\/\/filmfestaachen.de\/\">Filmfest Aachen<\/a> zu einem Abend ein, der ganz im Zeichen der Freiheit der Frauen steht, \u00fcber den eigenen K\u00f6rper und Lebensweg zu entscheiden. Dabei m\u00f6chten wir auf die Suche nach der eigenen Identit\u00e4t gehen \u2013 Wer will ich sein? Wer <em>kann<\/em> ich sein? \u2013 und die Herausforderungen, Zweifel und R\u00fcckschl\u00e4ge beleuchten, die uns auf diesem Weg begleiten.<\/p>\n\n\n\n<p>Der Abend beginnt um 18.00 Uhr mit ausgew\u00e4hlten Kurzfilmen unter dem Thema&nbsp; <em>ProChoices<\/em>, welche die Pluralit\u00e4t von weiblichen Entscheidungen beleuchten und hinterfragen. Freut euch auf die Filme <em><strong>Am Ende sind wir alle Gesang<\/strong><\/em> (R. Katharina Schnekenb\u00fchl), <em><strong>Celeste Rosa<\/strong><\/em> (R. Sarita Barahona), <em><strong>Getty Abortions<\/strong><\/em> (R. Franzis Kabisch) und <em><strong>After the Afterparty<\/strong><\/em> (R. Jess Mountfield).&nbsp;<\/p>\n\n\n\n<p>Nach einer kurzen Pause pr\u00e4sentieren wir um 20.00 Uhr den Dokumentarfilm<strong> <\/strong><a href=\"https:\/\/www.youtube.com\/watch?v=74mqMPOvov4\"><strong><em>Der Wunsch<\/em><\/strong><\/a> (90 Min \/ 2024) der Berliner Regisseurin Judith Beuth. Er begleitet zwei Frauen mit unerf\u00fclltem Kinderwunsch \u00fcber viele Jahre und zeigt, wie enge Liebe, gro\u00dfes Leid und endlose Hilflosigkeit miteinander verbunden sein k\u00f6nnen.<\/p>\n\n\n\n<p>Der Abend endet mit einer offenen Gespr\u00e4chsrunde zum Film und dem Thema unerf\u00fcllter Kinderwunsch mit Expertin Dr. Dagmar Schmitz,<strong> <\/strong>\u00c4rztin und Beraterin bei ProFamilia.<\/p>\n\n\n\n<p>Egal, ob ihr an einem oder beiden Programmpunkten interessiert seid \u2013 ihr seid herzlich eingeladen und wir freuen uns auf euch!&nbsp;Der Eintritt ist frei.<\/p>\n\n\n\n<hr class=\"wp-block-separator has-alpha-channel-opacity\"\/>\n\n\n\n<p><strong>Zeitplan:<\/strong><br>17:30 <br>Sektempfang<br><br>18:00 <br>Kurzfilmprogramm \u201cProChoices\u201d&nbsp;<br>mit anschlie\u00dfendem Gespr\u00e4ch<\/p>\n\n\n\n<p>19:30 <br>Pause&nbsp;<\/p>\n\n\n\n<p>20:00 <br>Langfilm \u201cDer Wunsch\u201d<br>mit Expertengespr\u00e4ch<br><br>Der Eintritt ist <strong>kostenlos<\/strong>. Eure Pl\u00e4tze k\u00f6nnt ihr entweder direkt <a href=\"https:\/\/apollo-aachen.de\/\"><em>im Kino<\/em><\/a>, per Telefon (0241 900 84 84) oder per E-Mail (buchung@apollo-aachen.de) reservieren.<\/p>\n\n\n\n<hr class=\"wp-block-separator has-alpha-channel-opacity\"\/>\n\n\n\n<p>Die Veranstaltung wird unterst\u00fctzt vom \u201eGuten, Abend Aachen\u201c Fonds und dem Frauennetzwerk St\u00e4dteRegion Aachen e.V.&nbsp;<\/p>\n\n\n\n<p><\/p>","protected":false},"excerpt":{"rendered":"<p>Gemeinsam laden euch das Frauennetzwerk Aachen und das Filmfest Aachen zu einem Abend ein, der ganz im Zeichen der Freiheit der Frauen steht, \u00fcber den eigenen K\u00f6rper und Lebensweg zu entscheiden. Dabei m\u00f6chten wir auf die Suche nach der eigenen Identit\u00e4t gehen \u2013 Wer will ich sein? Wer kann ich sein? \u2013 und die Herausforderungen, [&hellip;]<\/p>","protected":false},"author":1,"featured_media":342,"parent":0,"menu_order":0,"comment_status":"closed","ping_status":"closed","template":"","meta":{"footnotes":""},"class_list":["post-284","page","type-page","status-publish","has-post-thumbnail","hentry"],"yoast_head":"<!-- This site is optimized with the Yoast SEO plugin v25.7 - https:\/\/yoast.com\/wordpress\/plugins\/seo\/ -->\n<title>Pro Choices - Filmfest Aachen<\/title>\n<meta name=\"robots\" content=\"index, follow, max-snippet:-1, max-image-preview:large, max-video-preview:-1\" \/>\n<link rel=\"canonical\" href=\"https:\/\/filmfestaachen.com\/en\/pro-choices\/\" \/>\n<meta property=\"og:locale\" content=\"en_US\" \/>\n<meta property=\"og:type\" content=\"article\" \/>\n<meta property=\"og:title\" content=\"Pro Choices - Filmfest Aachen\" \/>\n<meta property=\"og:description\" content=\"Gemeinsam laden euch das Frauennetzwerk Aachen und das Filmfest Aachen zu einem Abend ein, der ganz im Zeichen der Freiheit der Frauen steht, \u00fcber den eigenen K\u00f6rper und Lebensweg zu entscheiden. Dabei m\u00f6chten wir auf die Suche nach der eigenen Identit\u00e4t gehen \u2013 Wer will ich sein? Wer kann ich sein? \u2013 und die Herausforderungen, [&hellip;]\" \/>\n<meta property=\"og:url\" content=\"https:\/\/filmfestaachen.com\/en\/pro-choices\/\" \/>\n<meta property=\"og:site_name\" content=\"Filmfest Aachen\" \/>\n<meta property=\"article:modified_time\" content=\"2024-11-09T12:07:31+00:00\" \/>\n<meta property=\"og:image\" content=\"https:\/\/filmfestaachen.com\/wp-content\/uploads\/2024\/10\/FFAxFrauennetzwerk_RGB-scaled.jpg\" \/>\n\t<meta property=\"og:image:width\" content=\"1810\" \/>\n\t<meta property=\"og:image:height\" content=\"2560\" \/>\n\t<meta property=\"og:image:type\" content=\"image\/jpeg\" \/>\n<meta name=\"twitter:card\" content=\"summary_large_image\" \/>\n<meta name=\"twitter:label1\" content=\"Est. reading time\" \/>\n\t<meta name=\"twitter:data1\" content=\"1 minute\" \/>\n<script type=\"application\/ld+json\" class=\"yoast-schema-graph\">{\"@context\":\"https:\/\/schema.org\",\"@graph\":[{\"@type\":\"WebPage\",\"@id\":\"https:\/\/filmfestaachen.com\/pro-choices\/\",\"url\":\"https:\/\/filmfestaachen.com\/pro-choices\/\",\"name\":\"Pro Choices - Filmfest Aachen\",\"isPartOf\":{\"@id\":\"https:\/\/filmfestaachen.com\/#website\"},\"primaryImageOfPage\":{\"@id\":\"https:\/\/filmfestaachen.com\/pro-choices\/#primaryimage\"},\"image\":{\"@id\":\"https:\/\/filmfestaachen.com\/pro-choices\/#primaryimage\"},\"thumbnailUrl\":\"https:\/\/filmfestaachen.com\/wp-content\/uploads\/2024\/10\/FFAxFrauennetzwerk_RGB-scaled.jpg\",\"datePublished\":\"2024-10-28T11:05:53+00:00\",\"dateModified\":\"2024-11-09T12:07:31+00:00\",\"breadcrumb\":{\"@id\":\"https:\/\/filmfestaachen.com\/pro-choices\/#breadcrumb\"},\"inLanguage\":\"en-US\",\"potentialAction\":[{\"@type\":\"ReadAction\",\"target\":[\"https:\/\/filmfestaachen.com\/pro-choices\/\"]}]},{\"@type\":\"ImageObject\",\"inLanguage\":\"en-US\",\"@id\":\"https:\/\/filmfestaachen.com\/pro-choices\/#primaryimage\",\"url\":\"https:\/\/filmfestaachen.com\/wp-content\/uploads\/2024\/10\/FFAxFrauennetzwerk_RGB-scaled.jpg\",\"contentUrl\":\"https:\/\/filmfestaachen.com\/wp-content\/uploads\/2024\/10\/FFAxFrauennetzwerk_RGB-scaled.jpg\",\"width\":1810,\"height\":2560,\"caption\":\"Pro Choices Poster\"},{\"@type\":\"BreadcrumbList\",\"@id\":\"https:\/\/filmfestaachen.com\/pro-choices\/#breadcrumb\",\"itemListElement\":[{\"@type\":\"ListItem\",\"position\":1,\"name\":\"Startseite\",\"item\":\"https:\/\/filmfestaachen.com\/\"},{\"@type\":\"ListItem\",\"position\":2,\"name\":\"Pro Choices\"}]},{\"@type\":\"WebSite\",\"@id\":\"https:\/\/filmfestaachen.com\/#website\",\"url\":\"https:\/\/filmfestaachen.com\/\",\"name\":\"Filmfest Aachen\",\"description\":\"Filmkultur auf Augenh\u00f6he!\",\"publisher\":{\"@id\":\"https:\/\/filmfestaachen.com\/#organization\"},\"potentialAction\":[{\"@type\":\"SearchAction\",\"target\":{\"@type\":\"EntryPoint\",\"urlTemplate\":\"https:\/\/filmfestaachen.com\/?s={search_term_string}\"},\"query-input\":{\"@type\":\"PropertyValueSpecification\",\"valueRequired\":true,\"valueName\":\"search_term_string\"}}],\"inLanguage\":\"en-US\"},{\"@type\":\"Organization\",\"@id\":\"https:\/\/filmfestaachen.com\/#organization\",\"name\":\"Filmfest Aachen\",\"url\":\"https:\/\/filmfestaachen.com\/\",\"logo\":{\"@type\":\"ImageObject\",\"inLanguage\":\"en-US\",\"@id\":\"https:\/\/filmfestaachen.com\/#\/schema\/logo\/image\/\",\"url\":\"https:\/\/filmfestaachen.com\/wp-content\/uploads\/2024\/07\/FFAWhite.png\",\"contentUrl\":\"https:\/\/filmfestaachen.com\/wp-content\/uploads\/2024\/07\/FFAWhite.png\",\"width\":937,\"height\":633,\"caption\":\"Filmfest Aachen\"},\"image\":{\"@id\":\"https:\/\/filmfestaachen.com\/#\/schema\/logo\/image\/\"},\"sameAs\":[\"https:\/\/www.instagram.com\/filmfestaachen\/\",\"https:\/\/letterboxd.com\/filmfestaachen\/\"]}]}<\/script>\n<!-- \/ Yoast SEO plugin. -->","yoast_head_json":{"title":"Pro Choices - Filmfest Aachen","robots":{"index":"index","follow":"follow","max-snippet":"max-snippet:-1","max-image-preview":"max-image-preview:large","max-video-preview":"max-video-preview:-1"},"canonical":"https:\/\/filmfestaachen.com\/en\/pro-choices\/","og_locale":"en_US","og_type":"article","og_title":"Pro Choices - Filmfest Aachen","og_description":"Gemeinsam laden euch das Frauennetzwerk Aachen und das Filmfest Aachen zu einem Abend ein, der ganz im Zeichen der Freiheit der Frauen steht, \u00fcber den eigenen K\u00f6rper und Lebensweg zu entscheiden. Dabei m\u00f6chten wir auf die Suche nach der eigenen Identit\u00e4t gehen \u2013 Wer will ich sein? Wer kann ich sein? \u2013 und die Herausforderungen, [&hellip;]","og_url":"https:\/\/filmfestaachen.com\/en\/pro-choices\/","og_site_name":"Filmfest Aachen","article_modified_time":"2024-11-09T12:07:31+00:00","og_image":[{"width":1810,"height":2560,"url":"https:\/\/filmfestaachen.com\/wp-content\/uploads\/2024\/10\/FFAxFrauennetzwerk_RGB-scaled.jpg","type":"image\/jpeg"}],"twitter_card":"summary_large_image","twitter_misc":{"Est. reading time":"1 minute"},"schema":{"@context":"https:\/\/schema.org","@graph":[{"@type":"WebPage","@id":"https:\/\/filmfestaachen.com\/pro-choices\/","url":"https:\/\/filmfestaachen.com\/pro-choices\/","name":"Pro Choices - Filmfest Aachen","isPartOf":{"@id":"https:\/\/filmfestaachen.com\/#website"},"primaryImageOfPage":{"@id":"https:\/\/filmfestaachen.com\/pro-choices\/#primaryimage"},"image":{"@id":"https:\/\/filmfestaachen.com\/pro-choices\/#primaryimage"},"thumbnailUrl":"https:\/\/filmfestaachen.com\/wp-content\/uploads\/2024\/10\/FFAxFrauennetzwerk_RGB-scaled.jpg","datePublished":"2024-10-28T11:05:53+00:00","dateModified":"2024-11-09T12:07:31+00:00","breadcrumb":{"@id":"https:\/\/filmfestaachen.com\/pro-choices\/#breadcrumb"},"inLanguage":"en-US","potentialAction":[{"@type":"ReadAction","target":["https:\/\/filmfestaachen.com\/pro-choices\/"]}]},{"@type":"ImageObject","inLanguage":"en-US","@id":"https:\/\/filmfestaachen.com\/pro-choices\/#primaryimage","url":"https:\/\/filmfestaachen.com\/wp-content\/uploads\/2024\/10\/FFAxFrauennetzwerk_RGB-scaled.jpg","contentUrl":"https:\/\/filmfestaachen.com\/wp-content\/uploads\/2024\/10\/FFAxFrauennetzwerk_RGB-scaled.jpg","width":1810,"height":2560,"caption":"Pro Choices Poster"},{"@type":"BreadcrumbList","@id":"https:\/\/filmfestaachen.com\/pro-choices\/#breadcrumb","itemListElement":[{"@type":"ListItem","position":1,"name":"Startseite","item":"https:\/\/filmfestaachen.com\/"},{"@type":"ListItem","position":2,"name":"Pro Choices"}]},{"@type":"WebSite","@id":"https:\/\/filmfestaachen.com\/#website","url":"https:\/\/filmfestaachen.com\/","name":"Filmfest Aachen","description":"Filmkultur auf Augenh\u00f6he!","publisher":{"@id":"https:\/\/filmfestaachen.com\/#organization"},"potentialAction":[{"@type":"SearchAction","target":{"@type":"EntryPoint","urlTemplate":"https:\/\/filmfestaachen.com\/?s={search_term_string}"},"query-input":{"@type":"PropertyValueSpecification","valueRequired":true,"valueName":"search_term_string"}}],"inLanguage":"en-US"},{"@type":"Organization","@id":"https:\/\/filmfestaachen.com\/#organization","name":"Filmfest Aachen","url":"https:\/\/filmfestaachen.com\/","logo":{"@type":"ImageObject","inLanguage":"en-US","@id":"https:\/\/filmfestaachen.com\/#\/schema\/logo\/image\/","url":"https:\/\/filmfestaachen.com\/wp-content\/uploads\/2024\/07\/FFAWhite.png","contentUrl":"https:\/\/filmfestaachen.com\/wp-content\/uploads\/2024\/07\/FFAWhite.png","width":937,"height":633,"caption":"Filmfest Aachen"},"image":{"@id":"https:\/\/filmfestaachen.com\/#\/schema\/logo\/image\/"},"sameAs":["https:\/\/www.instagram.com\/filmfestaachen\/","https:\/\/letterboxd.com\/filmfestaachen\/"]}]}},"_links":{"self":[{"href":"https:\/\/filmfestaachen.com\/en\/wp-json\/wp\/v2\/pages\/284","targetHints":{"allow":["GET"]}}],"collection":[{"href":"https:\/\/filmfestaachen.com\/en\/wp-json\/wp\/v2\/pages"}],"about":[{"href":"https:\/\/filmfestaachen.com\/en\/wp-json\/wp\/v2\/types\/page"}],"author":[{"embeddable":true,"href":"https:\/\/filmfestaachen.com\/en\/wp-json\/wp\/v2\/users\/1"}],"replies":[{"embeddable":true,"href":"https:\/\/filmfestaachen.com\/en\/wp-json\/wp\/v2\/comments?post=284"}],"version-history":[{"count":0,"href":"https:\/\/filmfestaachen.com\/en\/wp-json\/wp\/v2\/pages\/284\/revisions"}],"wp:featuredmedia":[{"embeddable":true,"href":"https:\/\/filmfestaachen.com\/en\/wp-json\/wp\/v2\/media\/342"}],"wp:attachment":[{"href":"https:\/\/filmfestaachen.com\/en\/wp-json\/wp\/v2\/media?parent=284"}],"curies":[{"name":"wp","href":"https:\/\/api.w.org\/{rel}","templated":true}]}}

<p>Gemeinsam laden euch das <a href="https://www.frauennetzwerk-aachen.de/">Frauennetzwerk Aachen</a> und das <a href="https://filmfestaachen.de/">Filmfest Aachen</a> zu einem Abend ein, der ganz im Zeichen der Freiheit der Frauen steht, über den eigenen Körper und Lebensweg zu entscheiden. Dabei möchten wir auf die Suche nach der eigenen Identität gehen – Wer will ich sein? Wer <em>kann</em> ich sein? – und die Herausforderungen, Zweifel und Rückschläge beleuchten, die uns auf diesem Weg begleiten.</p>



<p>Der Abend beginnt um 18.00 Uhr mit ausgewählten Kurzfilmen unter dem Thema&nbsp; <em>ProChoices</em>, welche die Pluralität von weiblichen Entscheidungen beleuchten und hinterfragen. Freut euch auf die Filme <em><strong>Am Ende sind wir alle Gesang</strong></em> (R. Katharina Schnekenbühl), <em><strong>Celeste Rosa</strong></em> (R. Sarita Barahona), <em><strong>Getty Abortions</strong></em> (R. Franzis Kabisch) und <em><strong>After the Afterparty</strong></em> (R. Jess Mountfield).&nbsp;</p>



<p>Nach einer kurzen Pause präsentieren wir um 20.00 Uhr den Dokumentarfilm<strong> </strong><a href="https://www.youtube.com/watch?v=74mqMPOvov4"><strong><em>Der Wunsch</em></strong></a> (90 Min / 2024) der Berliner Regisseurin Judith Beuth. Er begleitet zwei Frauen mit unerfülltem Kinderwunsch über viele Jahre und zeigt, wie enge Liebe, großes Leid und endlose Hilflosigkeit miteinander verbunden sein können.</p>



<p>Der Abend endet mit einer offenen Gesprächsrunde zum Film und dem Thema unerfüllter Kinderwunsch mit Expertin Dr. Dagmar Schmitz,<strong> </strong>Ärztin und Beraterin bei ProFamilia.</p>



<p>Egal, ob ihr an einem oder beiden Programmpunkten interessiert seid – ihr seid herzlich eingeladen und wir freuen uns auf euch!&nbsp;Der Eintritt ist frei.</p>



<hr class="wp-block-separator has-alpha-channel-opacity"/>



<p><strong>Zeitplan:</strong><br>17:30 <br>Sektempfang<br><br>18:00 <br>Kurzfilmprogramm “ProChoices”&nbsp;<br>mit anschließendem Gespräch</p>



<p>19:30 <br>Pause&nbsp;</p>



<p>20:00 <br>Langfilm “Der Wunsch”<br>mit Expertengespräch<br><br>Der Eintritt ist <strong>kostenlos</strong>. Eure Plätze könnt ihr entweder direkt <a href="https://apollo-aachen.de/"><em>im Kino</em></a>, per Telefon (0241 900 84 84) oder per E-Mail (buchung@apollo-aachen.de) reservieren.</p>



<hr class="wp-block-separator has-alpha-channel-opacity"/>



<p>Die Veranstaltung wird unterstützt vom „Guten, Abend Aachen“ Fonds und dem Frauennetzwerk StädteRegion Aachen e.V.&nbsp;</p>



<p></p>

<p>Gemeinsam laden euch das Frauennetzwerk Aachen und das Filmfest Aachen zu einem Abend ein, der ganz im Zeichen der Freiheit der Frauen steht, über den eigenen Körper und Lebensweg zu entscheiden. Dabei möchten wir auf die Suche nach der eigenen Identität gehen – Wer will ich sein? Wer kann ich sein? – und die Herausforderungen, [&hellip;]</p>

<!-- This site is optimized with the Yoast SEO plugin v25.7 - https://yoast.com/wordpress/plugins/seo/ -->
<title>Pro Choices - Filmfest Aachen</title>
<meta name="robots" content="index, follow, max-snippet:-1, max-image-preview:large, max-video-preview:-1" />
<link rel="canonical" href="https://filmfestaachen.com/en/pro-choices/" />
<meta property="og:locale" content="en_US" />
<meta property="og:type" content="article" />
<meta property="og:title" content="Pro Choices - Filmfest Aachen" />
<meta property="og:description" content="Gemeinsam laden euch das Frauennetzwerk Aachen und das Filmfest Aachen zu einem Abend ein, der ganz im Zeichen der Freiheit der Frauen steht, über den eigenen Körper und Lebensweg zu entscheiden. Dabei möchten wir auf die Suche nach der eigenen Identität gehen – Wer will ich sein? Wer kann ich sein? – und die Herausforderungen, [&hellip;]" />
<meta property="og:url" content="https://filmfestaachen.com/en/pro-choices/" />
<meta property="og:site_name" content="Filmfest Aachen" />
<meta property="article:modified_time" content="2024-11-09T12:07:31+00:00" />
<meta property="og:image" content="https://filmfestaachen.com/wp-content/uploads/2024/10/FFAxFrauennetzwerk_RGB-scaled.jpg" />
	<meta property="og:image:width" content="1810" />
	<meta property="og:image:height" content="2560" />
	<meta property="og:image:type" content="image/jpeg" />
<meta name="twitter:card" content="summary_large_image" />
<meta name="twitter:label1" content="Est. reading time" />
	<meta name="twitter:data1" content="1 minute" />
<script type="application/ld+json" class="yoast-schema-graph">{"@context":"https://schema.org","@graph":[{"@type":"WebPage","@id":"https://filmfestaachen.com/pro-choices/","url":"https://filmfestaachen.com/pro-choices/","name":"Pro Choices - Filmfest Aachen","isPartOf":{"@id":"https://filmfestaachen.com/#website"},"primaryImageOfPage":{"@id":"https://filmfestaachen.com/pro-choices/#primaryimage"},"image":{"@id":"https://filmfestaachen.com/pro-choices/#primaryimage"},"thumbnailUrl":"https://filmfestaachen.com/wp-content/uploads/2024/10/FFAxFrauennetzwerk_RGB-scaled.jpg","datePublished":"2024-10-28T11:05:53+00:00","dateModified":"2024-11-09T12:07:31+00:00","breadcrumb":{"@id":"https://filmfestaachen.com/pro-choices/#breadcrumb"},"inLanguage":"en-US","potentialAction":[{"@type":"ReadAction","target":["https://filmfestaachen.com/pro-choices/"]}]},{"@type":"ImageObject","inLanguage":"en-US","@id":"https://filmfestaachen.com/pro-choices/#primaryimage","url":"https://filmfestaachen.com/wp-content/uploads/2024/10/FFAxFrauennetzwerk_RGB-scaled.jpg","contentUrl":"https://filmfestaachen.com/wp-content/uploads/2024/10/FFAxFrauennetzwerk_RGB-scaled.jpg","width":1810,"height":2560,"caption":"Pro Choices Poster"},{"@type":"BreadcrumbList","@id":"https://filmfestaachen.com/pro-choices/#breadcrumb","itemListElement":[{"@type":"ListItem","position":1,"name":"Startseite","item":"https://filmfestaachen.com/"},{"@type":"ListItem","position":2,"name":"Pro Choices"}]},{"@type":"WebSite","@id":"https://filmfestaachen.com/#website","url":"https://filmfestaachen.com/","name":"Filmfest Aachen","description":"Filmkultur auf Augenhöhe!","publisher":{"@id":"https://filmfestaachen.com/#organization"},"potentialAction":[{"@type":"SearchAction","target":{"@type":"EntryPoint","urlTemplate":"https://filmfestaachen.com/?s={search_term_string}"},"query-input":{"@type":"PropertyValueSpecification","valueRequired":true,"valueName":"search_term_string"}}],"inLanguage":"en-US"},{"@type":"Organization","@id":"https://filmfestaachen.com/#organization","name":"Filmfest Aachen","url":"https://filmfestaachen.com/","logo":{"@type":"ImageObject","inLanguage":"en-US","@id":"https://filmfestaachen.com/#/schema/logo/image/","url":"https://filmfestaachen.com/wp-content/uploads/2024/07/FFAWhite.png","contentUrl":"https://filmfestaachen.com/wp-content/uploads/2024/07/FFAWhite.png","width":937,"height":633,"caption":"Filmfest Aachen"},"image":{"@id":"https://filmfestaachen.com/#/schema/logo/image/"},"sameAs":["https://www.instagram.com/filmfestaachen/","https://letterboxd.com/filmfestaachen/"]}]}</script>
<!-- / Yoast SEO plugin. -->

Gemeinsam laden euch das Frauennetzwerk Aachen und das Filmfest Aachen zu einem Abend ein, der ganz im Zeichen der Freiheit der Frauen steht, über den eigenen Körper und Lebensweg zu entscheiden. Dabei möchten wir auf die Suche nach der eigenen Identität gehen – Wer will ich sein? Wer kann ich sein? – und die Herausforderungen, [&hellip;]

Filmkultur auf Augenhöhe!
