{"id":507,"date":"2025-07-16T16:27:30","date_gmt":"2025-07-16T14:27:30","guid":{"rendered":"https:\/\/filmfestaachen.com\/?page_id=507"},"modified":"2025-07-17T11:40:34","modified_gmt":"2025-07-17T09:40:34","slug":"zeitkapseln","status":"publish","type":"page","link":"https:\/\/filmfestaachen.com\/en\/zeitkapseln\/","title":{"rendered":"Zeitkapseln"},"content":{"rendered":"<p>Experimentalfilm Nacht, homemovies trifft KI-Film<\/p>\n\n\n\n<figure class=\"wp-block-image alignwide size-large wp-duotone-unset-1\"><img fetchpriority=\"high\" decoding=\"async\" width=\"1024\" height=\"1024\" src=\"https:\/\/filmfestaachen.com\/wp-content\/uploads\/2025\/07\/Picsart_25-07-06_14-24-18-648-2-1024x1024.jpg\" alt=\"\" class=\"wp-image-512\" srcset=\"https:\/\/filmfestaachen.com\/wp-content\/uploads\/2025\/07\/Picsart_25-07-06_14-24-18-648-2-1024x1024.jpg 1024w, https:\/\/filmfestaachen.com\/wp-content\/uploads\/2025\/07\/Picsart_25-07-06_14-24-18-648-2-300x300.jpg 300w, https:\/\/filmfestaachen.com\/wp-content\/uploads\/2025\/07\/Picsart_25-07-06_14-24-18-648-2-150x150.jpg 150w, https:\/\/filmfestaachen.com\/wp-content\/uploads\/2025\/07\/Picsart_25-07-06_14-24-18-648-2-1536x1536.jpg 1536w, https:\/\/filmfestaachen.com\/wp-content\/uploads\/2025\/07\/Picsart_25-07-06_14-24-18-648-2-2048x2048.jpg 2048w\" sizes=\"(max-width: 1024px) 100vw, 1024px\" \/><\/figure>\n\n\n\n<p><a href=\"https:\/\/apollo-aachen.de\/experimentalfilm-nacht\/\" data-type=\"link\" data-id=\"https:\/\/apollo-aachen.de\/experimentalfilm-nacht\/?fbclid=PAQ0xDSwLlo69leHRuA2FlbQIxMQABpyXziDx9flBF94JGR16hP1WNDB0bRg16R24baW1xhZNG7tLIapQ2-xccm7dw_aem_j0e7Qc7ZvT0t3ZyBRO0ecw\"><strong>TICKETS<\/strong><\/a><\/p>\n\n\n\n<p>Experimentalfilm Nacht: Home Movie trifft KI-Film. Im Event ZEITKAPSELN: past\/\/future lassen wir zeitliche Extremformen des Kinos an einem Abend geballt aufeinanderprallen. Die Idee: Was verbirgt sich neben den herk\u00f6mmlich auf der Leinwand flackernden Filmen? Welche Bilder k\u00f6nnen Kameras sonst aufnehmen, oder geht es auch ohne Kamera? Es trifft aufeinander: Nostalgie in Form von Home\u00admovies, welche h\u00e4usliche Realit\u00e4ten festh\u00e4lt und als POV archiviert und der Zukunft \u2013 KI-Film \u2013 kuratiert von Fabian Mosele, der nicht nur selbst an Projekten oder Live-Prompting-Wettbewerben teilnimmt, sondern auch in seinem KI-Filmarchiv die Evolution des Mediums festh\u00e4lt.<br><br>In zwei Bl\u00f6cken werden sowohl Home- als auch KI-Movies von den Kurator*innen pr\u00e4sentiert und abschlie\u00dfend in einer von Festivaldirektor Niklas Michels geleiteten Diskussionsrunde aufgefangen. Auf der einen Seite Nostalgie, auf der anderen ggf. Skepsis. ZEITKAPSELN ist eine Collage der zeitgen\u00f6ssischen Konfrontation.<br><br>18:00 Einlass<br>19:00 HOME MOVIES mit Anastasia Langer <a href=\"https:\/\/www.instagram.com\/anastasialanger_\/\">@anastasialanger_<\/a><br>20:30 Pause<br>21:00 AI MOVIES mit Fabian Mosele <a href=\"https:\/\/www.instagram.com\/fabianmosele\/\">@fabianmosele<\/a><br>22:30 Q&amp;A<\/p>\n\n\n\n<p><a href=\"https:\/\/apollo-aachen.de\/experimentalfilm-nacht\/\"><strong>TICKETS<\/strong><\/a><br><br>Alle Filme in OV mit englischen Untertiteln (wenn n\u00f6tig)<br><br>unterst\u00fctzt durch den Fond \u201eGuten Abend, Aachen\u201c <a href=\"https:\/\/www.instagram.com\/explore\/tags\/gutenabendaachen\/\">#gutenabendaachen<\/a><\/p>\n\n\n\n<p>Unterst\u00fctzt vom Fonds &#8222;Guten Abend, Aachen&#8220;.<\/p>\n\n\n\n<p><\/p>","protected":false},"excerpt":{"rendered":"<p>Experimentalfilm Nacht, homemovies trifft KI-Film TICKETS Experimentalfilm Nacht: Home Movie trifft KI-Film. Im Event ZEITKAPSELN: past\/\/future lassen wir zeitliche Extremformen des Kinos an einem Abend geballt aufeinanderprallen. Die Idee: Was verbirgt sich neben den herk\u00f6mmlich auf der Leinwand flackernden Filmen? Welche Bilder k\u00f6nnen Kameras sonst aufnehmen, oder geht es auch ohne Kamera? Es trifft aufeinander: [&hellip;]<\/p>","protected":false},"author":2,"featured_media":0,"parent":0,"menu_order":0,"comment_status":"closed","ping_status":"closed","template":"","meta":{"footnotes":""},"class_list":["post-507","page","type-page","status-publish","hentry"],"yoast_head":"<!-- This site is optimized with the Yoast SEO plugin v25.7 - https:\/\/yoast.com\/wordpress\/plugins\/seo\/ -->\n<title>Zeitkapseln - Filmfest Aachen<\/title>\n<meta name=\"robots\" content=\"index, follow, max-snippet:-1, max-image-preview:large, max-video-preview:-1\" \/>\n<link rel=\"canonical\" href=\"https:\/\/filmfestaachen.com\/en\/zeitkapseln\/\" \/>\n<meta property=\"og:locale\" content=\"en_US\" \/>\n<meta property=\"og:type\" content=\"article\" \/>\n<meta property=\"og:title\" content=\"Zeitkapseln - Filmfest Aachen\" \/>\n<meta property=\"og:description\" content=\"Experimentalfilm Nacht, homemovies trifft KI-Film TICKETS Experimentalfilm Nacht: Home Movie trifft KI-Film. Im Event ZEITKAPSELN: past\/\/future lassen wir zeitliche Extremformen des Kinos an einem Abend geballt aufeinanderprallen. Die Idee: Was verbirgt sich neben den herk\u00f6mmlich auf der Leinwand flackernden Filmen? Welche Bilder k\u00f6nnen Kameras sonst aufnehmen, oder geht es auch ohne Kamera? Es trifft aufeinander: [&hellip;]\" \/>\n<meta property=\"og:url\" content=\"https:\/\/filmfestaachen.com\/en\/zeitkapseln\/\" \/>\n<meta property=\"og:site_name\" content=\"Filmfest Aachen\" \/>\n<meta property=\"article:modified_time\" content=\"2025-07-17T09:40:34+00:00\" \/>\n<meta property=\"og:image\" content=\"https:\/\/filmfestaachen.com\/wp-content\/uploads\/2025\/07\/Picsart_25-07-06_14-24-18-648-2.jpg\" \/>\n\t<meta property=\"og:image:width\" content=\"1080\" \/>\n\t<meta property=\"og:image:height\" content=\"1620\" \/>\n\t<meta property=\"og:image:type\" content=\"image\/jpeg\" \/>\n<meta name=\"twitter:card\" content=\"summary_large_image\" \/>\n<meta name=\"twitter:label1\" content=\"Est. reading time\" \/>\n\t<meta name=\"twitter:data1\" content=\"1 minute\" \/>\n<script type=\"application\/ld+json\" class=\"yoast-schema-graph\">{\"@context\":\"https:\/\/schema.org\",\"@graph\":[{\"@type\":\"WebPage\",\"@id\":\"https:\/\/filmfestaachen.com\/zeitkapseln\/\",\"url\":\"https:\/\/filmfestaachen.com\/zeitkapseln\/\",\"name\":\"Zeitkapseln - Filmfest Aachen\",\"isPartOf\":{\"@id\":\"https:\/\/filmfestaachen.com\/#website\"},\"primaryImageOfPage\":{\"@id\":\"https:\/\/filmfestaachen.com\/zeitkapseln\/#primaryimage\"},\"image\":{\"@id\":\"https:\/\/filmfestaachen.com\/zeitkapseln\/#primaryimage\"},\"thumbnailUrl\":\"https:\/\/filmfestaachen.com\/wp-content\/uploads\/2025\/07\/Picsart_25-07-06_14-24-18-648-2-1024x1024.jpg\",\"datePublished\":\"2025-07-16T14:27:30+00:00\",\"dateModified\":\"2025-07-17T09:40:34+00:00\",\"breadcrumb\":{\"@id\":\"https:\/\/filmfestaachen.com\/zeitkapseln\/#breadcrumb\"},\"inLanguage\":\"en-US\",\"potentialAction\":[{\"@type\":\"ReadAction\",\"target\":[\"https:\/\/filmfestaachen.com\/zeitkapseln\/\"]}]},{\"@type\":\"ImageObject\",\"inLanguage\":\"en-US\",\"@id\":\"https:\/\/filmfestaachen.com\/zeitkapseln\/#primaryimage\",\"url\":\"https:\/\/filmfestaachen.com\/wp-content\/uploads\/2025\/07\/Picsart_25-07-06_14-24-18-648-2-1024x1024.jpg\",\"contentUrl\":\"https:\/\/filmfestaachen.com\/wp-content\/uploads\/2025\/07\/Picsart_25-07-06_14-24-18-648-2-1024x1024.jpg\"},{\"@type\":\"BreadcrumbList\",\"@id\":\"https:\/\/filmfestaachen.com\/zeitkapseln\/#breadcrumb\",\"itemListElement\":[{\"@type\":\"ListItem\",\"position\":1,\"name\":\"Startseite\",\"item\":\"https:\/\/filmfestaachen.com\/\"},{\"@type\":\"ListItem\",\"position\":2,\"name\":\"Zeitkapseln\"}]},{\"@type\":\"WebSite\",\"@id\":\"https:\/\/filmfestaachen.com\/#website\",\"url\":\"https:\/\/filmfestaachen.com\/\",\"name\":\"Filmfest Aachen\",\"description\":\"Filmkultur auf Augenh\u00f6he!\",\"publisher\":{\"@id\":\"https:\/\/filmfestaachen.com\/#organization\"},\"potentialAction\":[{\"@type\":\"SearchAction\",\"target\":{\"@type\":\"EntryPoint\",\"urlTemplate\":\"https:\/\/filmfestaachen.com\/?s={search_term_string}\"},\"query-input\":{\"@type\":\"PropertyValueSpecification\",\"valueRequired\":true,\"valueName\":\"search_term_string\"}}],\"inLanguage\":\"en-US\"},{\"@type\":\"Organization\",\"@id\":\"https:\/\/filmfestaachen.com\/#organization\",\"name\":\"Filmfest Aachen\",\"url\":\"https:\/\/filmfestaachen.com\/\",\"logo\":{\"@type\":\"ImageObject\",\"inLanguage\":\"en-US\",\"@id\":\"https:\/\/filmfestaachen.com\/#\/schema\/logo\/image\/\",\"url\":\"https:\/\/filmfestaachen.com\/wp-content\/uploads\/2024\/07\/FFAWhite.png\",\"contentUrl\":\"https:\/\/filmfestaachen.com\/wp-content\/uploads\/2024\/07\/FFAWhite.png\",\"width\":937,\"height\":633,\"caption\":\"Filmfest Aachen\"},\"image\":{\"@id\":\"https:\/\/filmfestaachen.com\/#\/schema\/logo\/image\/\"},\"sameAs\":[\"https:\/\/www.instagram.com\/filmfestaachen\/\",\"https:\/\/letterboxd.com\/filmfestaachen\/\"]}]}<\/script>\n<!-- \/ Yoast SEO plugin. -->","yoast_head_json":{"title":"Zeitkapseln - Filmfest Aachen","robots":{"index":"index","follow":"follow","max-snippet":"max-snippet:-1","max-image-preview":"max-image-preview:large","max-video-preview":"max-video-preview:-1"},"canonical":"https:\/\/filmfestaachen.com\/en\/zeitkapseln\/","og_locale":"en_US","og_type":"article","og_title":"Zeitkapseln - Filmfest Aachen","og_description":"Experimentalfilm Nacht, homemovies trifft KI-Film TICKETS Experimentalfilm Nacht: Home Movie trifft KI-Film. Im Event ZEITKAPSELN: past\/\/future lassen wir zeitliche Extremformen des Kinos an einem Abend geballt aufeinanderprallen. Die Idee: Was verbirgt sich neben den herk\u00f6mmlich auf der Leinwand flackernden Filmen? Welche Bilder k\u00f6nnen Kameras sonst aufnehmen, oder geht es auch ohne Kamera? Es trifft aufeinander: [&hellip;]","og_url":"https:\/\/filmfestaachen.com\/en\/zeitkapseln\/","og_site_name":"Filmfest Aachen","article_modified_time":"2025-07-17T09:40:34+00:00","og_image":[{"width":1080,"height":1620,"url":"https:\/\/filmfestaachen.com\/wp-content\/uploads\/2025\/07\/Picsart_25-07-06_14-24-18-648-2.jpg","type":"image\/jpeg"}],"twitter_card":"summary_large_image","twitter_misc":{"Est. reading time":"1 minute"},"schema":{"@context":"https:\/\/schema.org","@graph":[{"@type":"WebPage","@id":"https:\/\/filmfestaachen.com\/zeitkapseln\/","url":"https:\/\/filmfestaachen.com\/zeitkapseln\/","name":"Zeitkapseln - Filmfest Aachen","isPartOf":{"@id":"https:\/\/filmfestaachen.com\/#website"},"primaryImageOfPage":{"@id":"https:\/\/filmfestaachen.com\/zeitkapseln\/#primaryimage"},"image":{"@id":"https:\/\/filmfestaachen.com\/zeitkapseln\/#primaryimage"},"thumbnailUrl":"https:\/\/filmfestaachen.com\/wp-content\/uploads\/2025\/07\/Picsart_25-07-06_14-24-18-648-2-1024x1024.jpg","datePublished":"2025-07-16T14:27:30+00:00","dateModified":"2025-07-17T09:40:34+00:00","breadcrumb":{"@id":"https:\/\/filmfestaachen.com\/zeitkapseln\/#breadcrumb"},"inLanguage":"en-US","potentialAction":[{"@type":"ReadAction","target":["https:\/\/filmfestaachen.com\/zeitkapseln\/"]}]},{"@type":"ImageObject","inLanguage":"en-US","@id":"https:\/\/filmfestaachen.com\/zeitkapseln\/#primaryimage","url":"https:\/\/filmfestaachen.com\/wp-content\/uploads\/2025\/07\/Picsart_25-07-06_14-24-18-648-2-1024x1024.jpg","contentUrl":"https:\/\/filmfestaachen.com\/wp-content\/uploads\/2025\/07\/Picsart_25-07-06_14-24-18-648-2-1024x1024.jpg"},{"@type":"BreadcrumbList","@id":"https:\/\/filmfestaachen.com\/zeitkapseln\/#breadcrumb","itemListElement":[{"@type":"ListItem","position":1,"name":"Startseite","item":"https:\/\/filmfestaachen.com\/"},{"@type":"ListItem","position":2,"name":"Zeitkapseln"}]},{"@type":"WebSite","@id":"https:\/\/filmfestaachen.com\/#website","url":"https:\/\/filmfestaachen.com\/","name":"Filmfest Aachen","description":"Filmkultur auf Augenh\u00f6he!","publisher":{"@id":"https:\/\/filmfestaachen.com\/#organization"},"potentialAction":[{"@type":"SearchAction","target":{"@type":"EntryPoint","urlTemplate":"https:\/\/filmfestaachen.com\/?s={search_term_string}"},"query-input":{"@type":"PropertyValueSpecification","valueRequired":true,"valueName":"search_term_string"}}],"inLanguage":"en-US"},{"@type":"Organization","@id":"https:\/\/filmfestaachen.com\/#organization","name":"Filmfest Aachen","url":"https:\/\/filmfestaachen.com\/","logo":{"@type":"ImageObject","inLanguage":"en-US","@id":"https:\/\/filmfestaachen.com\/#\/schema\/logo\/image\/","url":"https:\/\/filmfestaachen.com\/wp-content\/uploads\/2024\/07\/FFAWhite.png","contentUrl":"https:\/\/filmfestaachen.com\/wp-content\/uploads\/2024\/07\/FFAWhite.png","width":937,"height":633,"caption":"Filmfest Aachen"},"image":{"@id":"https:\/\/filmfestaachen.com\/#\/schema\/logo\/image\/"},"sameAs":["https:\/\/www.instagram.com\/filmfestaachen\/","https:\/\/letterboxd.com\/filmfestaachen\/"]}]}},"_links":{"self":[{"href":"https:\/\/filmfestaachen.com\/en\/wp-json\/wp\/v2\/pages\/507","targetHints":{"allow":["GET"]}}],"collection":[{"href":"https:\/\/filmfestaachen.com\/en\/wp-json\/wp\/v2\/pages"}],"about":[{"href":"https:\/\/filmfestaachen.com\/en\/wp-json\/wp\/v2\/types\/page"}],"author":[{"embeddable":true,"href":"https:\/\/filmfestaachen.com\/en\/wp-json\/wp\/v2\/users\/2"}],"replies":[{"embeddable":true,"href":"https:\/\/filmfestaachen.com\/en\/wp-json\/wp\/v2\/comments?post=507"}],"version-history":[{"count":0,"href":"https:\/\/filmfestaachen.com\/en\/wp-json\/wp\/v2\/pages\/507\/revisions"}],"wp:attachment":[{"href":"https:\/\/filmfestaachen.com\/en\/wp-json\/wp\/v2\/media?parent=507"}],"curies":[{"name":"wp","href":"https:\/\/api.w.org\/{rel}","templated":true}]}}

<p>Experimentalfilm Nacht, homemovies trifft KI-Film</p>



<figure class="wp-block-image alignwide size-large wp-duotone-unset-1"><img fetchpriority="high" decoding="async" width="1024" height="1024" src="https://filmfestaachen.com/wp-content/uploads/2025/07/Picsart_25-07-06_14-24-18-648-2-1024x1024.jpg" alt="" class="wp-image-512" srcset="https://filmfestaachen.com/wp-content/uploads/2025/07/Picsart_25-07-06_14-24-18-648-2-1024x1024.jpg 1024w, https://filmfestaachen.com/wp-content/uploads/2025/07/Picsart_25-07-06_14-24-18-648-2-300x300.jpg 300w, https://filmfestaachen.com/wp-content/uploads/2025/07/Picsart_25-07-06_14-24-18-648-2-150x150.jpg 150w, https://filmfestaachen.com/wp-content/uploads/2025/07/Picsart_25-07-06_14-24-18-648-2-1536x1536.jpg 1536w, https://filmfestaachen.com/wp-content/uploads/2025/07/Picsart_25-07-06_14-24-18-648-2-2048x2048.jpg 2048w" sizes="(max-width: 1024px) 100vw, 1024px" /></figure>



<p><a href="https://apollo-aachen.de/experimentalfilm-nacht/" data-type="link" data-id="https://apollo-aachen.de/experimentalfilm-nacht/?fbclid=PAQ0xDSwLlo69leHRuA2FlbQIxMQABpyXziDx9flBF94JGR16hP1WNDB0bRg16R24baW1xhZNG7tLIapQ2-xccm7dw_aem_j0e7Qc7ZvT0t3ZyBRO0ecw"><strong>TICKETS</strong></a></p>



<p>Experimentalfilm Nacht: Home Movie trifft KI-Film. Im Event ZEITKAPSELN: past//future lassen wir zeitliche Extremformen des Kinos an einem Abend geballt aufeinanderprallen. Die Idee: Was verbirgt sich neben den herkömmlich auf der Leinwand flackernden Filmen? Welche Bilder können Kameras sonst aufnehmen, oder geht es auch ohne Kamera? Es trifft aufeinander: Nostalgie in Form von Home­movies, welche häusliche Realitäten festhält und als POV archiviert und der Zukunft – KI-Film – kuratiert von Fabian Mosele, der nicht nur selbst an Projekten oder Live-Prompting-Wettbewerben teilnimmt, sondern auch in seinem KI-Filmarchiv die Evolution des Mediums festhält.<br><br>In zwei Blöcken werden sowohl Home- als auch KI-Movies von den Kurator*innen präsentiert und abschließend in einer von Festivaldirektor Niklas Michels geleiteten Diskussionsrunde aufgefangen. Auf der einen Seite Nostalgie, auf der anderen ggf. Skepsis. ZEITKAPSELN ist eine Collage der zeitgenössischen Konfrontation.<br><br>18:00 Einlass<br>19:00 HOME MOVIES mit Anastasia Langer <a href="https://www.instagram.com/anastasialanger_/">@anastasialanger_</a><br>20:30 Pause<br>21:00 AI MOVIES mit Fabian Mosele <a href="https://www.instagram.com/fabianmosele/">@fabianmosele</a><br>22:30 Q&amp;A</p>



<p><a href="https://apollo-aachen.de/experimentalfilm-nacht/"><strong>TICKETS</strong></a><br><br>Alle Filme in OV mit englischen Untertiteln (wenn nötig)<br><br>unterstützt durch den Fond „Guten Abend, Aachen“ <a href="https://www.instagram.com/explore/tags/gutenabendaachen/">#gutenabendaachen</a></p>



<p>Unterstützt vom Fonds &#8222;Guten Abend, Aachen&#8220;.</p>



<p></p>

<p>Experimentalfilm Nacht, homemovies trifft KI-Film TICKETS Experimentalfilm Nacht: Home Movie trifft KI-Film. Im Event ZEITKAPSELN: past//future lassen wir zeitliche Extremformen des Kinos an einem Abend geballt aufeinanderprallen. Die Idee: Was verbirgt sich neben den herkömmlich auf der Leinwand flackernden Filmen? Welche Bilder können Kameras sonst aufnehmen, oder geht es auch ohne Kamera? Es trifft aufeinander: [&hellip;]</p>

<!-- This site is optimized with the Yoast SEO plugin v25.7 - https://yoast.com/wordpress/plugins/seo/ -->
<title>Zeitkapseln - Filmfest Aachen</title>
<meta name="robots" content="index, follow, max-snippet:-1, max-image-preview:large, max-video-preview:-1" />
<link rel="canonical" href="https://filmfestaachen.com/en/zeitkapseln/" />
<meta property="og:locale" content="en_US" />
<meta property="og:type" content="article" />
<meta property="og:title" content="Zeitkapseln - Filmfest Aachen" />
<meta property="og:description" content="Experimentalfilm Nacht, homemovies trifft KI-Film TICKETS Experimentalfilm Nacht: Home Movie trifft KI-Film. Im Event ZEITKAPSELN: past//future lassen wir zeitliche Extremformen des Kinos an einem Abend geballt aufeinanderprallen. Die Idee: Was verbirgt sich neben den herkömmlich auf der Leinwand flackernden Filmen? Welche Bilder können Kameras sonst aufnehmen, oder geht es auch ohne Kamera? Es trifft aufeinander: [&hellip;]" />
<meta property="og:url" content="https://filmfestaachen.com/en/zeitkapseln/" />
<meta property="og:site_name" content="Filmfest Aachen" />
<meta property="article:modified_time" content="2025-07-17T09:40:34+00:00" />
<meta property="og:image" content="https://filmfestaachen.com/wp-content/uploads/2025/07/Picsart_25-07-06_14-24-18-648-2.jpg" />
	<meta property="og:image:width" content="1080" />
	<meta property="og:image:height" content="1620" />
	<meta property="og:image:type" content="image/jpeg" />
<meta name="twitter:card" content="summary_large_image" />
<meta name="twitter:label1" content="Est. reading time" />
	<meta name="twitter:data1" content="1 minute" />
<script type="application/ld+json" class="yoast-schema-graph">{"@context":"https://schema.org","@graph":[{"@type":"WebPage","@id":"https://filmfestaachen.com/zeitkapseln/","url":"https://filmfestaachen.com/zeitkapseln/","name":"Zeitkapseln - Filmfest Aachen","isPartOf":{"@id":"https://filmfestaachen.com/#website"},"primaryImageOfPage":{"@id":"https://filmfestaachen.com/zeitkapseln/#primaryimage"},"image":{"@id":"https://filmfestaachen.com/zeitkapseln/#primaryimage"},"thumbnailUrl":"https://filmfestaachen.com/wp-content/uploads/2025/07/Picsart_25-07-06_14-24-18-648-2-1024x1024.jpg","datePublished":"2025-07-16T14:27:30+00:00","dateModified":"2025-07-17T09:40:34+00:00","breadcrumb":{"@id":"https://filmfestaachen.com/zeitkapseln/#breadcrumb"},"inLanguage":"en-US","potentialAction":[{"@type":"ReadAction","target":["https://filmfestaachen.com/zeitkapseln/"]}]},{"@type":"ImageObject","inLanguage":"en-US","@id":"https://filmfestaachen.com/zeitkapseln/#primaryimage","url":"https://filmfestaachen.com/wp-content/uploads/2025/07/Picsart_25-07-06_14-24-18-648-2-1024x1024.jpg","contentUrl":"https://filmfestaachen.com/wp-content/uploads/2025/07/Picsart_25-07-06_14-24-18-648-2-1024x1024.jpg"},{"@type":"BreadcrumbList","@id":"https://filmfestaachen.com/zeitkapseln/#breadcrumb","itemListElement":[{"@type":"ListItem","position":1,"name":"Startseite","item":"https://filmfestaachen.com/"},{"@type":"ListItem","position":2,"name":"Zeitkapseln"}]},{"@type":"WebSite","@id":"https://filmfestaachen.com/#website","url":"https://filmfestaachen.com/","name":"Filmfest Aachen","description":"Filmkultur auf Augenhöhe!","publisher":{"@id":"https://filmfestaachen.com/#organization"},"potentialAction":[{"@type":"SearchAction","target":{"@type":"EntryPoint","urlTemplate":"https://filmfestaachen.com/?s={search_term_string}"},"query-input":{"@type":"PropertyValueSpecification","valueRequired":true,"valueName":"search_term_string"}}],"inLanguage":"en-US"},{"@type":"Organization","@id":"https://filmfestaachen.com/#organization","name":"Filmfest Aachen","url":"https://filmfestaachen.com/","logo":{"@type":"ImageObject","inLanguage":"en-US","@id":"https://filmfestaachen.com/#/schema/logo/image/","url":"https://filmfestaachen.com/wp-content/uploads/2024/07/FFAWhite.png","contentUrl":"https://filmfestaachen.com/wp-content/uploads/2024/07/FFAWhite.png","width":937,"height":633,"caption":"Filmfest Aachen"},"image":{"@id":"https://filmfestaachen.com/#/schema/logo/image/"},"sameAs":["https://www.instagram.com/filmfestaachen/","https://letterboxd.com/filmfestaachen/"]}]}</script>
<!-- / Yoast SEO plugin. -->

Experimentalfilm Nacht, homemovies trifft KI-Film TICKETS Experimentalfilm Nacht: Home Movie trifft KI-Film. Im Event ZEITKAPSELN: past//future lassen wir zeitliche Extremformen des Kinos an einem Abend geballt aufeinanderprallen. Die Idee: Was verbirgt sich neben den herkömmlich auf der Leinwand flackernden Filmen? Welche Bilder können Kameras sonst aufnehmen, oder geht es auch ohne Kamera? Es trifft aufeinander: [&hellip;]

Filmkultur auf Augenhöhe!
